
Let b = 0 + 4. Suppose 14 = -b*j + 86. What is the remainder when j is divided by 10?
8
Suppose -4*q = 12, -5*b + 0*q + 4*q + 72 = 0. Suppose 18*r - 107 = -17. Calculate the remainder when b is divided by r.
2
Suppose 26 = -b + 105. What is the remainder when b is divided by 20?
19
What is the remainder when 59 is divided by 1/(-5) + (-808)/(-40)?
19
Let v(r) = r**2 + 11*r + 7. Let k be v(-11). Suppose -2 - k = -j. What is the remainder when j is divided by 4?
1
Let g = 58 - 44. Suppose -2*i + 3*i = -4*v + 155, 3*i = 2*v - 67. What is the remainder when 2 + (v - 0/(-1)) is divided by g?
12
Suppose -39 = 2*b - 3*b. Let g = 36 + -11. Suppose -5*w - g = 0, -5*w + 125 = 5*n - 10*w. Calculate the remainder when b is divided by n.
19
Let o(s) = s - 13. Let x be o(10). Let l be x/(-6)*(0 + -2). Let k(u) = -4*u. Calculate the remainder when k(l) is divided by 3.
1
Suppose 0 = -20*t + 22*t - 50. Calculate the remainder when 74 is divided by t.
24
Let w(a) = -a + 11. Suppose 2*t = 4*t. Suppose -153 = -2*j - 2*j + 5*s, j - 7 = -5*s. What is the remainder when j is divided by w(t)?
10
Suppose 2*g + 3*g + 2*j = 253, 0 = -2*g - 4*j + 98. Calculate the remainder when g is divided by 20.
11
Let x = 17 + 6. What is the remainder when -86*((-1)/3 - (-10)/(-60)) is divided by x?
20
Let x(v) = 3*v + 1 - 7*v**3 - v**2 - v**2 + 8*v**3. What is the remainder when x(3) is divided by 5?
4
Suppose 0 = -3*o - 2*r - 8 + 17, -4*o = 3*r - 11. Let p be 4/(-10) + (-24)/(-10). Calculate the remainder when p/3 - 25/(-3) is divided by o.
4
Let d(u) = u + 72. What is the remainder when d(-23) is divided by 17?
15
Let p = 23 - 4. Let h(y) = 9*y + 3. Let b be h(3). Let o = -20 + b. What is the remainder when p is divided by o?
9
Suppose -33 + 579 = -3*l. Let p = l + 260. Calculate the remainder when p is divided by 27.
24
Suppose -2*g + 2 = -4. Calculate the remainder when ((-1)/g)/((-4)/348) is divided by 6.
5
Suppose -5*w + 25 = -70. What is the remainder when 72 is divided by w?
15
Suppose 7*i - 12 = 4*i. Let u(r) = r**3 + 9*r**2 - r - 5. Let w be u(-9). Suppose t + w*t - 50 = 0. Calculate the remainder when t is divided by i.
2
Suppose -3*y = -2*q + 205, -5*q + 0*y + 484 = 2*y. What is the remainder when q is divided by 25?
23
Suppose -4*u + 6 = -2*u. Suppose -3*w - 5*z = -60, u*w - 3*z + 6*z = 54. What is the remainder when w is divided by 8?
7
Let z(f) = f - 1. Let y be z(3). Suppose -7*t = -y*t - 300. Suppose 0*q = 3*q - t. What is the remainder when q is divided by 11?
9
Suppose 0 = v - 27 + 6. Suppose v = -5*i + 256. Suppose -4*w = -5*y + i, w - 17 - 7 = -2*y. Calculate the remainder when y is divided by 4.
3
Suppose 5*a - 25 = -0*a. Suppose -4 = 3*s - 5*s. Calculate the remainder when a is divided by s.
1
Let t(f) = f - 58. Let c be t(0). Let w = c - -95. What is the remainder when w is divided by 13?
11
Let z(a) = -4*a + 60. Calculate the remainder when z(10) is divided by 15.
5
Let p = -210 - -238. Calculate the remainder when p is divided by 5.
3
Suppose 0 = -3*t + 25 + 20. Suppose 5*u = -4*p - 2 - 0, 2*p - u + 8 = 0. What is the remainder when t is divided by -3 + 1 + (-30)/p?
7
Let v(z) = -z**3 - 11*z**2 + 10*z - 4. Let i = 58 + -51. What is the remainder when v(-12) is divided by i?
6
Let h = -7 + 18. What is the remainder when 19 is divided by h?
8
Let i = 110 - 1. Calculate the remainder when i is divided by 55.
54
Let t be 77*2*3/(-6). What is the remainder when (2 + t - 2)*-1 is divided by 26?
25
Let w be (2/3)/(10/75). Suppose w*u + 6 = 116. Calculate the remainder when u is divided by 50/4 + 2/(-4).
10
Suppose 4*k = -0*k + 12. What is the remainder when 18 is divided by k/2 + (-51)/(-6)?
8
Let t(s) = s + 48. Calculate the remainder when t(16) is divided by 39.
25
Suppose 16 = -4*v + 152. Let u(t) = t**3 - 3*t**2 + t - 2. What is the remainder when v is divided by u(4)?
16
Calculate the remainder when (5/2)/(1/22) is divided by (-14)/(2 + (-5 - -2)).
13
Let f be ((-700)/(-98))/((-2)/(-14)). Let r = 84 - f. What is the remainder when r is divided by 9?
7
Let g(f) = -33*f + 1. What is the remainder when g(-1) is divided by (8/(-4))/((-2)/11) - -2?
8
Suppose o = 1, -8*b - 2*o + 132 = -3*b. What is the remainder when b is divided by 15?
11
Let h = -121 - -178. Calculate the remainder when h is divided by 10.
7
Let j(q) = -2*q - 3. Let f be j(-2). Suppose 0 = r - 4*r + 48. Calculate the remainder when ((-124)/16)/(f/(-4)) is divided by r.
15
Suppose 0 = u - 5 + 3. Suppose 0 = u*d + 26 - 6. What is the remainder when 44 is divided by (12/d)/(10/(-125))?
14
Let t be (-2 + -1)*(-5)/3. Suppose t*q + q = 210. What is the remainder when q is divided by 10?
5
Let s(j) = -5*j + 1. Let g = 24 - 12. Suppose 0 = -o + g + 4. Calculate the remainder when s(-6) is divided by o.
15
Let k = 6 - 3. Suppose -3*p - 2*i - 41 = -k*i, p = 4*i + 1. What is the remainder when 2 + p*1/(-1) is divided by 9?
8
Let m(d) = d. Let v be m(-1). Let t = v + 4. Suppose 0 = -5*o + 20, -t*i = i + 3*o - 52. Calculate the remainder when 18 is divided by i.
8
Let o(f) = -f - 3. Let s be -1*1*(4 + -4). Suppose 3*g - 7 = -m, 2*m + 5*g - 3 - 7 = s. Calculate the remainder when 2 is divided by o(m).
0
Calculate the remainder when 13 is divided by (-22)/33 + 17/3.
3
Let b = -27 - -36. Calculate the remainder when 34 is divided by b.
7
Let c = 48 - -12. Suppose 3*v + 7*b - 4*b = c, -2*v + 4*b + 16 = 0. What is the remainder when v is divided by 9?
7
Suppose -7*l + 9*l = 24. Suppose 4*d - 56 = 120. Calculate the remainder when d is divided by l.
8
Let p be -4 - -1 - (-6 + 1). Calculate the remainder when p/8 + 637/28 is divided by 13.
10
Let b(z) = -5*z - 1 - 1 - 2 + z**2. Let m be b(6). Suppose -2*u + 30 = m*o, 4*o = o - 5*u + 41. What is the remainder when o is divided by 9?
8
Suppose r - 3*u = -0*r + 12, -5*u + 15 = 0. What is the remainder when 104 is divided by r?
20
Suppose -u + 44 = u. Calculate the remainder when 86 is divided by u.
20
Let p(f) = 2*f**3 - 34*f**2 + 3*f - 49. Let l be 28/(-2)*1/2. Let r = -4 - l. Calculate the remainder when r is divided by p(17).
1
Suppose 45*k = 40*k + 40. What is the remainder when 13 is divided by k?
5
Let l(w) = w**3 - 10*w**2 - 4*w + 13. Let m be l(10). Let k = -18 - m. Calculate the remainder when 15 is divided by k.
6
Let a = 60 - 40. What is the remainder when a is divided by 7?
6
Suppose 5*b + 4*f = 80, -b + 2*f + 16 = -0*f. What is the remainder when 26 is divided by b?
10
Let b(u) = u**2 + 9*u + 7. Let t be ((-4)/(-6))/(1/36). Let j = 15 - t. Calculate the remainder when 13 is divided by b(j).
6
Suppose 2*s - 13 = -b + 8, 0 = -b - 5*s + 6. Let k(q) = -q - 3. Let p be k(-6). Let y(w) = -w**2 + 7*w - 1. Calculate the remainder when b is divided by y(p).
9
Suppose 3*a + 9 = 6*a. Suppose 0 = g - m + a - 2, 3*g + 3*m = 27. What is the remainder when 14 is divided by g?
2
Let h(z) = z**3 - z**2 - 3*z - 2. Calculate the remainder when h(3) is divided by 0/(-9) + 3 + 0.
1
Suppose -5*a + 26 + 9 = 0. What is the remainder when (9/(-18))/((-1)/32) - -4 is divided by a?
6
Suppose 3*n - 56 = k, 2*n - 4*k + 36 = 3*n. What is the remainder when n is divided by 7?
6
Suppose 22 = -5*y + 2*y - 4*g, 0 = 5*g + 20. Calculate the remainder when 37 is divided by 13/((-1 - 1)/y).
11
Let b = -6 + 22. Calculate the remainder when b is divided by 6.
4
Let v(r) = -r**3 - 11*r**2 + 10*r + 4. What is the remainder when 82 is divided by v(-12)?
26
Let t(r) = 27*r + 1. Suppose -4*f - 4*f + 432 = 0. Calculate the remainder when f is divided by t(1).
26
What is the remainder when 7 is divided by ((-1)/(-3) - 0)*(-16 - -31)?
2
Let r(v) = -v**3 - v**2 + v. Let n = 5 + -3. Suppose 2*h - 6 + n = 0. What is the remainder when r(-2) is divided by h?
0
Suppose 4*c - 3*x = 20, -25 = 4*c - 9*c - 2*x. Let r = 8 - c. Calculate the remainder when 9 is divided by r.
0
Suppose -2*c = 3*c - 55. Suppose u = -1 + 112. Suppose 3*l = -3*m - m + u, -5*m = -3*l - 159. Calculate the remainder when m is divided by c.
8
Let q = 1 - -1. Let k be ((-8)/20)/(2/(-10)). Suppose -3*p + 2*p = -k. Calculate the remainder when q is divided by p.
0
Suppose -3*q - 3*l + 21 = 0, -2*q - 5*l = 9 - 29. Suppose 2*c = q + 5. What is the remainder when 12 is divided by c?
2
Suppose -18*s = -23*s + 165. What is the remainder wh